{"id":72,"date":"2024-09-03T14:38:24","date_gmt":"2024-09-03T13:38:24","guid":{"rendered":"https:\/\/kemazii.wordpress.com\/?page_id=72"},"modified":"2024-09-11T01:46:59","modified_gmt":"2024-09-10T23:46:59","slug":"acceuil","status":"publish","type":"page","link":"https:\/\/formaftec.com\/phommason-da-silvaga\/","title":{"rendered":"ACCUEIL"},"content":{"rendered":"\n<div style=\"height:15px\" aria-hidden=\"true\" class=\"wp-block-spacer\"><\/div>\n\n\n\n<div class=\"wp-block-cover alignwide is-light has-custom-content-position is-position-bottom-left has-background-dim-20 has-background-dim\" style=\"padding-top:50px;padding-right:50px;padding-bottom:50px;padding-left:50px;min-height:670px;aspect-ratio:unset;\"><span aria-hidden=\"true\" class=\"wp-block-cover__background has-background-dim-0 has-background-dim\"><\/span><video class=\"wp-block-cover__video-background intrinsic-ignore\" autoplay muted loop playsinline src=\"https:\/\/videomakerdemo.files.wordpress.com\/2021\/10\/digging.mp4\" data-object-fit=\"cover\"><\/video><div class=\"wp-block-cover__inner-container is-layout-flow wp-block-cover-is-layout-flow\">\n<h2 class=\"wp-block-heading has-link-color has-huge-font-size wp-elements-7f3cb4c1c744a41c79a124f5ad8369c9\" id=\"man-working-at-dawn-1\"><a href=\"https:\/\/videomakerdemo.wordpress.com\/2020\/09\/01\/man-working-at-dawn\/\">T&amp;W EVENT #2<\/a><\/h2>\n\n\n\n<p class=\"has-foreground-color has-text-color has-small-font-size\">R\u00e9alisation d&rsquo;une vid\u00e9o immersive pour un \u00e9v\u00e9nement exclusif en bo\u00eete de nuit \u00e0 Paris. 07\/08\/2024<\/p>\n<\/div><\/div>\n\n\n\n<div style=\"height:67px\" aria-hidden=\"true\" class=\"wp-block-spacer\"><\/div>\n\n\n\n<div class=\"wp-block-columns alignwide is-layout-flex wp-container-core-columns-is-layout-28f84493 wp-block-columns-is-layout-flex\">\n<div class=\"wp-block-column is-layout-flow wp-block-column-is-layout-flow\">\n<figure style=\"padding-top:0;padding-right:var(--wp--preset--spacing--80);padding-bottom:0;padding-left:var(--wp--preset--spacing--80)\" class=\"wp-block-video\"><video autoplay controls loop muted src=\"https:\/\/formaftec.com\/phommason-da-silvaga\/wp-content\/uploads\/sites\/38\/2024\/09\/Sismo2.mp4\"><\/video><\/figure>\n\n\n\n<h4 class=\"wp-block-heading\" id=\"boats\">D\u00c9FIL\u00c9 SISMO #2<\/h4>\n\n\n\n<p class=\"has-small-font-size\">Organisation de la seconde \u00e9dition du d\u00e9fil\u00e9 du cr\u00e9ateur de mode \u00ab\u00a0Sismo\u00a0\u00bb. &#8211; 15\/06\/2024<\/p>\n<\/div>\n\n\n\n<div class=\"wp-block-column is-layout-flow wp-block-column-is-layout-flow\">\n<figure style=\"padding-top:0;padding-right:var(--wp--preset--spacing--80);padding-bottom:0;padding-left:var(--wp--preset--spacing--80)\" class=\"wp-block-video\"><video autoplay controls loop muted src=\"https:\/\/formaftec.com\/phommason-da-silvaga\/wp-content\/uploads\/sites\/38\/2024\/09\/ROADS-FESTIVAL-2024.mp4\"><\/video><\/figure>\n\n\n\n<h4 class=\"wp-block-heading\" id=\"i-love-you\">ROADS FESTIVAL <\/h4>\n\n\n\n<p class=\"has-small-font-size\">Gestion des artistes &amp; organisation de la septi\u00e8me \u00e9dition du Roads Festival. &#8211; 01\/06\/2024<\/p>\n<\/div>\n<\/div>\n\n\n\n<div class=\"wp-block-columns alignwide is-layout-flex wp-container-core-columns-is-layout-28f84493 wp-block-columns-is-layout-flex\">\n<div class=\"wp-block-column is-layout-flow wp-block-column-is-layout-flow\">\n<figure class=\"wp-block-embed is-type-video is-provider-youtube wp-block-embed-youtube wp-embed-aspect-4-3 wp-has-aspect-ratio\"><div class=\"wp-block-embed__wrapper\">\n<iframe title=\"FR\u00c8RES CHAPPE - CHAPPITRE 4\" width=\"950\" height=\"713\" src=\"https:\/\/www.youtube.com\/embed\/TEG7tnG2jwg?feature=oembed\" frameborder=\"0\" allow=\"accelerometer; autoplay; clipboard-write; encrypted-media; gyroscope; picture-in-picture; web-share\" referrerpolicy=\"strict-origin-when-cross-origin\" allowfullscreen><\/iframe>\n<\/div><\/figure>\n\n\n\n<h4 class=\"wp-block-heading\" id=\"the-tale-of-the-three-cocktails\">Fr\u00e8res Chappe &#8211; Chappitre 4<\/h4>\n\n\n\n<p class=\"has-small-font-size\">R\u00e9alisation d&rsquo;une vid\u00e9o \u00ab\u00a0clip\u00a0\u00bb pour une musique des artistes \u00ab\u00a0Fr\u00e8res Chappe\u00a0\u00bb. &#8211; 23\/04\/2024 <\/p>\n<\/div>\n\n\n\n<div class=\"wp-block-column is-layout-flow wp-block-column-is-layout-flow\">\n<figure class=\"wp-block-embed is-type-video is-provider-youtube wp-block-embed-youtube wp-embed-aspect-16-9 wp-has-aspect-ratio\"><div class=\"wp-block-embed__wrapper\">\n<iframe title=\"INSIDE au c\u0153ur de la pr\u00e9paration de Saran - Nantes + Showcase de Gazo. Realisation: Artifact Prod.\" width=\"950\" height=\"534\" src=\"https:\/\/www.youtube.com\/embed\/KMki9dbkAtI?feature=oembed\" frameborder=\"0\" allow=\"accelerometer; autoplay; clipboard-write; encrypted-media; gyroscope; picture-in-picture; web-share\" referrerpolicy=\"strict-origin-when-cross-origin\" allowfullscreen><\/iframe>\n<\/div><\/figure>\n\n\n\n<h4 class=\"wp-block-heading\" id=\"plenty-of-fish-in-the-sea\">SHOWCASE GAZO &#8211; ARENA CO&rsquo;MET<\/h4>\n\n\n\n<p class=\"has-small-font-size\">Organisation du showcase de  \u00ab\u00a0Gazo\u00a0\u00bb suite \u00e0 un match des Septors \u00e0 la Co&rsquo;Met. &#8211; 17\/04\/2024<\/p>\n<\/div>\n<\/div>\n\n\n\n<div class=\"wp-block-buttons is-content-justification-center is-layout-flex wp-container-core-buttons-is-layout-a89b3969 wp-block-buttons-is-layout-flex\">\n<div class=\"wp-block-button\"><a class=\"wp-block-button__link wp-element-button\" href=\"https:\/\/formaftec.com\/phommason-da-silvaga\/?page_id=162\">VOIR PLUS<\/a><\/div>\n<\/div>\n\n\n\n<p><\/p>\n","protected":false},"excerpt":{"rendered":"<p>D\u00c9FIL\u00c9 SISMO #2 Organisation de la seconde \u00e9dition du d\u00e9fil\u00e9 du cr\u00e9ateur de mode \u00ab\u00a0Sismo\u00a0\u00bb. &#8211; 15\/06\/2024 ROADS FESTIVAL Gestion des artistes &amp; organisation de la septi\u00e8me \u00e9dition du Roads Festival. &#8211; 01\/06\/2024 Fr\u00e8res Chappe &#8211; Chappitre 4 R\u00e9alisation d&rsquo;une vid\u00e9o \u00ab\u00a0clip\u00a0\u00bb pour une musique des artistes \u00ab\u00a0Fr\u00e8res Chappe\u00a0\u00bb. &#8211; 23\/04\/2024 SHOWCASE GAZO &#8211; ARENA &hellip; <\/p>\n<p class=\"link-more\"><a href=\"https:\/\/formaftec.com\/phommason-da-silvaga\/\" class=\"more-link\">Lire la suite de<span class=\"screen-reader-text\">\u00ab\u00a0ACCUEIL\u00a0\u00bb<\/span><\/a><\/p>\n","protected":false},"author":39,"featured_media":0,"parent":0,"menu_order":0,"comment_status":"closed","ping_status":"closed","template":"","meta":{"_uag_custom_page_level_css":"","footnotes":""},"class_list":["post-72","page","type-page","status-publish","hentry"],"yoast_head":"<!-- This site is optimized with the Yoast SEO plugin v26.0 - https:\/\/yoast.com\/wordpress\/plugins\/seo\/ -->\n<title>ACCUEIL -<\/title>\n<meta name=\"robots\" content=\"index, follow, max-snippet:-1, max-image-preview:large, max-video-preview:-1\" \/>\n<link rel=\"canonical\" href=\"https:\/\/formaftec.com\/phommason-da-silvaga\/\" \/>\n<meta property=\"og:locale\" content=\"fr_FR\" \/>\n<meta property=\"og:type\" content=\"article\" \/>\n<meta property=\"og:title\" content=\"ACCUEIL -\" \/>\n<meta property=\"og:description\" content=\"D\u00c9FIL\u00c9 SISMO #2 Organisation de la seconde \u00e9dition du d\u00e9fil\u00e9 du cr\u00e9ateur de mode \u00ab\u00a0Sismo\u00a0\u00bb. &#8211; 15\/06\/2024 ROADS FESTIVAL Gestion des artistes &amp; organisation de la septi\u00e8me \u00e9dition du Roads Festival. &#8211; 01\/06\/2024 Fr\u00e8res Chappe &#8211; Chappitre 4 R\u00e9alisation d&rsquo;une vid\u00e9o \u00ab\u00a0clip\u00a0\u00bb pour une musique des artistes \u00ab\u00a0Fr\u00e8res Chappe\u00a0\u00bb. &#8211; 23\/04\/2024 SHOWCASE GAZO &#8211; ARENA &hellip; Lire la suite de\u00ab\u00a0ACCUEIL\u00a0\u00bb\" \/>\n<meta property=\"og:url\" content=\"https:\/\/formaftec.com\/phommason-da-silvaga\/\" \/>\n<meta property=\"article:modified_time\" content=\"2024-09-10T23:46:59+00:00\" \/>\n<meta name=\"twitter:card\" content=\"summary_large_image\" \/>\n<meta name=\"twitter:label1\" content=\"Dur\u00e9e de lecture estim\u00e9e\" \/>\n\t<meta name=\"twitter:data1\" content=\"1 minute\" \/>\n<script type=\"application\/ld+json\" class=\"yoast-schema-graph\">{\"@context\":\"https:\/\/schema.org\",\"@graph\":[{\"@type\":\"WebPage\",\"@id\":\"https:\/\/formaftec.com\/phommason-da-silvaga\/\",\"url\":\"https:\/\/formaftec.com\/phommason-da-silvaga\/\",\"name\":\"ACCUEIL -\",\"isPartOf\":{\"@id\":\"https:\/\/formaftec.com\/phommason-da-silvaga\/#website\"},\"datePublished\":\"2024-09-03T13:38:24+00:00\",\"dateModified\":\"2024-09-10T23:46:59+00:00\",\"breadcrumb\":{\"@id\":\"https:\/\/formaftec.com\/phommason-da-silvaga\/#breadcrumb\"},\"inLanguage\":\"fr-FR\",\"potentialAction\":[{\"@type\":\"ReadAction\",\"target\":[\"https:\/\/formaftec.com\/phommason-da-silvaga\/\"]}]},{\"@type\":\"BreadcrumbList\",\"@id\":\"https:\/\/formaftec.com\/phommason-da-silvaga\/#breadcrumb\",\"itemListElement\":[{\"@type\":\"ListItem\",\"position\":1,\"name\":\"Accueil\",\"item\":\"https:\/\/formaftec.com\/phommason-da-silvaga\/\"},{\"@type\":\"ListItem\",\"position\":2,\"name\":\"ACCUEIL\"}]},{\"@type\":\"WebSite\",\"@id\":\"https:\/\/formaftec.com\/phommason-da-silvaga\/#website\",\"url\":\"https:\/\/formaftec.com\/phommason-da-silvaga\/\",\"name\":\"\",\"description\":\"Rien d&#039;sp\u00e9cial\",\"potentialAction\":[{\"@type\":\"SearchAction\",\"target\":{\"@type\":\"EntryPoint\",\"urlTemplate\":\"https:\/\/formaftec.com\/phommason-da-silvaga\/?s={search_term_string}\"},\"query-input\":{\"@type\":\"PropertyValueSpecification\",\"valueRequired\":true,\"valueName\":\"search_term_string\"}}],\"inLanguage\":\"fr-FR\"}]}<\/script>\n<!-- \/ Yoast SEO plugin. -->","yoast_head_json":{"title":"ACCUEIL -","robots":{"index":"index","follow":"follow","max-snippet":"max-snippet:-1","max-image-preview":"max-image-preview:large","max-video-preview":"max-video-preview:-1"},"canonical":"https:\/\/formaftec.com\/phommason-da-silvaga\/","og_locale":"fr_FR","og_type":"article","og_title":"ACCUEIL -","og_description":"D\u00c9FIL\u00c9 SISMO #2 Organisation de la seconde \u00e9dition du d\u00e9fil\u00e9 du cr\u00e9ateur de mode \u00ab\u00a0Sismo\u00a0\u00bb. &#8211; 15\/06\/2024 ROADS FESTIVAL Gestion des artistes &amp; organisation de la septi\u00e8me \u00e9dition du Roads Festival. &#8211; 01\/06\/2024 Fr\u00e8res Chappe &#8211; Chappitre 4 R\u00e9alisation d&rsquo;une vid\u00e9o \u00ab\u00a0clip\u00a0\u00bb pour une musique des artistes \u00ab\u00a0Fr\u00e8res Chappe\u00a0\u00bb. &#8211; 23\/04\/2024 SHOWCASE GAZO &#8211; ARENA &hellip; Lire la suite de\u00ab\u00a0ACCUEIL\u00a0\u00bb","og_url":"https:\/\/formaftec.com\/phommason-da-silvaga\/","article_modified_time":"2024-09-10T23:46:59+00:00","twitter_card":"summary_large_image","twitter_misc":{"Dur\u00e9e de lecture estim\u00e9e":"1 minute"},"schema":{"@context":"https:\/\/schema.org","@graph":[{"@type":"WebPage","@id":"https:\/\/formaftec.com\/phommason-da-silvaga\/","url":"https:\/\/formaftec.com\/phommason-da-silvaga\/","name":"ACCUEIL -","isPartOf":{"@id":"https:\/\/formaftec.com\/phommason-da-silvaga\/#website"},"datePublished":"2024-09-03T13:38:24+00:00","dateModified":"2024-09-10T23:46:59+00:00","breadcrumb":{"@id":"https:\/\/formaftec.com\/phommason-da-silvaga\/#breadcrumb"},"inLanguage":"fr-FR","potentialAction":[{"@type":"ReadAction","target":["https:\/\/formaftec.com\/phommason-da-silvaga\/"]}]},{"@type":"BreadcrumbList","@id":"https:\/\/formaftec.com\/phommason-da-silvaga\/#breadcrumb","itemListElement":[{"@type":"ListItem","position":1,"name":"Accueil","item":"https:\/\/formaftec.com\/phommason-da-silvaga\/"},{"@type":"ListItem","position":2,"name":"ACCUEIL"}]},{"@type":"WebSite","@id":"https:\/\/formaftec.com\/phommason-da-silvaga\/#website","url":"https:\/\/formaftec.com\/phommason-da-silvaga\/","name":"","description":"Rien d&#039;sp\u00e9cial","potentialAction":[{"@type":"SearchAction","target":{"@type":"EntryPoint","urlTemplate":"https:\/\/formaftec.com\/phommason-da-silvaga\/?s={search_term_string}"},"query-input":{"@type":"PropertyValueSpecification","valueRequired":true,"valueName":"search_term_string"}}],"inLanguage":"fr-FR"}]}},"uagb_featured_image_src":{"full":false,"thumbnail":false,"medium":false,"medium_large":false,"large":false,"1536x1536":false,"2048x2048":false,"inspiro-featured-image":false,"inspiro-loop":false,"inspiro-loop@2x":false,"tlp-portfolio-thumb":false},"uagb_author_info":{"display_name":"phommason-da-silvaga","author_link":"https:\/\/formaftec.com\/phommason-da-silvaga\/?author=39"},"uagb_comment_info":0,"uagb_excerpt":"D\u00c9FIL\u00c9 SISMO #2 Organisation de la seconde \u00e9dition du d\u00e9fil\u00e9 du cr\u00e9ateur de mode \u00ab\u00a0Sismo\u00a0\u00bb. &#8211; 15\/06\/2024 ROADS FESTIVAL Gestion des artistes &amp; organisation de la septi\u00e8me \u00e9dition du Roads Festival. &#8211; 01\/06\/2024 Fr\u00e8res Chappe &#8211; Chappitre 4 R\u00e9alisation d&rsquo;une vid\u00e9o \u00ab\u00a0clip\u00a0\u00bb pour une musique des artistes \u00ab\u00a0Fr\u00e8res Chappe\u00a0\u00bb. &#8211; 23\/04\/2024 SHOWCASE GAZO &#8211; ARENA\u2026","_links":{"self":[{"href":"https:\/\/formaftec.com\/phommason-da-silvaga\/index.php?rest_route=\/wp\/v2\/pages\/72","targetHints":{"allow":["GET"]}}],"collection":[{"href":"https:\/\/formaftec.com\/phommason-da-silvaga\/index.php?rest_route=\/wp\/v2\/pages"}],"about":[{"href":"https:\/\/formaftec.com\/phommason-da-silvaga\/index.php?rest_route=\/wp\/v2\/types\/page"}],"author":[{"embeddable":true,"href":"https:\/\/formaftec.com\/phommason-da-silvaga\/index.php?rest_route=\/wp\/v2\/users\/39"}],"replies":[{"embeddable":true,"href":"https:\/\/formaftec.com\/phommason-da-silvaga\/index.php?rest_route=%2Fwp%2Fv2%2Fcomments&post=72"}],"version-history":[{"count":13,"href":"https:\/\/formaftec.com\/phommason-da-silvaga\/index.php?rest_route=\/wp\/v2\/pages\/72\/revisions"}],"predecessor-version":[{"id":271,"href":"https:\/\/formaftec.com\/phommason-da-silvaga\/index.php?rest_route=\/wp\/v2\/pages\/72\/revisions\/271"}],"wp:attachment":[{"href":"https:\/\/formaftec.com\/phommason-da-silvaga\/index.php?rest_route=%2Fwp%2Fv2%2Fmedia&parent=72"}],"curies":[{"name":"wp","href":"https:\/\/api.w.org\/{rel}","templated":true}]}}