{"id":194,"date":"2024-12-25T19:00:57","date_gmt":"2024-12-25T18:00:57","guid":{"rendered":"https:\/\/formaftec.com\/ribeirole\/?page_id=194"},"modified":"2025-01-14T22:21:02","modified_gmt":"2025-01-14T21:21:02","slug":"mes-projets-shoot-production","status":"publish","type":"page","link":"https:\/\/formaftec.com\/ribeirole\/mes-projets-shoot-production\/","title":{"rendered":"Mes projets Shoot Production !"},"content":{"rendered":"\t\t<div data-elementor-type=\"wp-page\" data-elementor-id=\"194\" class=\"elementor elementor-194\">\n\t\t\t\t<div class=\"elementor-element elementor-element-012a7b1 e-flex e-con-boxed e-con e-parent\" data-id=\"012a7b1\" data-element_type=\"container\" data-e-type=\"container\">\n\t\t\t\t\t<div class=\"e-con-inner\">\n\t\t\t\t<div class=\"elementor-element elementor-element-414cbb3 elementor-widget elementor-widget-text-editor\" data-id=\"414cbb3\" data-element_type=\"widget\" data-e-type=\"widget\" data-widget_type=\"text-editor.default\">\n\t\t\t\t<div class=\"elementor-widget-container\">\n\t\t\t\t\t\t\t\t\t<p style=\"color: #000000\">Bienvenue dans l&rsquo;univers de\u00a0<strong>Shoot Production<\/strong>, mon entreprise d\u00e9di\u00e9e \u00e0 la cr\u00e9ation visuelle. \u00c0 travers ces projets, j&rsquo;ai explor\u00e9 ma passion pour la vid\u00e9o, la photographie et le storytelling. Mon objectif : capturer l&rsquo;essence de chaque moment et transformer vos id\u00e9es en exp\u00e9riences visuelles marquantes. D\u00e9couvrez ici un aper\u00e7u de mon travail, o\u00f9 cr\u00e9ativit\u00e9 et impact se rencontrent.<\/p>\t\t\t\t\t\t\t\t<\/div>\n\t\t\t\t<\/div>\n\t\t\t\t\t<\/div>\n\t\t\t\t<\/div>\n\t\t<div class=\"elementor-element elementor-element-72c7a71 e-flex e-con-boxed e-con e-parent\" data-id=\"72c7a71\" data-element_type=\"container\" data-e-type=\"container\">\n\t\t\t\t\t<div class=\"e-con-inner\">\n\t\t<div class=\"elementor-element elementor-element-84c172a e-con-full e-flex e-con e-child\" data-id=\"84c172a\" data-element_type=\"container\" data-e-type=\"container\">\n\t\t\t\t<div class=\"elementor-element elementor-element-3d1a7b8 elementor-align-center elementor-widget elementor-widget-button\" data-id=\"3d1a7b8\" data-element_type=\"widget\" data-e-type=\"widget\" data-widget_type=\"button.default\">\n\t\t\t\t<div class=\"elementor-widget-container\">\n\t\t\t\t\t\t\t\t\t<div class=\"elementor-button-wrapper\">\n\t\t\t\t\t<a class=\"elementor-button elementor-button-link elementor-size-sm\" href=\"\">\n\t\t\t\t\t\t<span class=\"elementor-button-content-wrapper\">\n\t\t\t\t\t\t\t\t\t<span class=\"elementor-button-text\">PROJET  DARNA RESTAURANT <\/span>\n\t\t\t\t\t<\/span>\n\t\t\t\t\t<\/a>\n\t\t\t\t<\/div>\n\t\t\t\t\t\t\t\t<\/div>\n\t\t\t\t<\/div>\n\t\t\t\t<\/div>\n\t\t<div class=\"elementor-element elementor-element-cc47aeb e-con-full e-flex e-con e-child\" data-id=\"cc47aeb\" data-element_type=\"container\" data-e-type=\"container\">\n\t\t\t\t<div class=\"elementor-element elementor-element-923c99c elementor-align-center elementor-widget elementor-widget-button\" data-id=\"923c99c\" data-element_type=\"widget\" data-e-type=\"widget\" data-widget_type=\"button.default\">\n\t\t\t\t<div class=\"elementor-widget-container\">\n\t\t\t\t\t\t\t\t\t<div class=\"elementor-button-wrapper\">\n\t\t\t\t\t<a class=\"elementor-button elementor-button-link elementor-size-sm\" href=\"\">\n\t\t\t\t\t\t<span class=\"elementor-button-content-wrapper\">\n\t\t\t\t\t\t\t\t\t<span class=\"elementor-button-text\">PROJET FOOD CLUB<\/span>\n\t\t\t\t\t<\/span>\n\t\t\t\t\t<\/a>\n\t\t\t\t<\/div>\n\t\t\t\t\t\t\t\t<\/div>\n\t\t\t\t<\/div>\n\t\t\t\t<\/div>\n\t\t\t\t\t<\/div>\n\t\t\t\t<\/div>\n\t\t\t\t<\/div>\n\t\t","protected":false},"excerpt":{"rendered":"<p>Bienvenue dans l&rsquo;univers de\u00a0Shoot Production, mon entreprise d\u00e9di\u00e9e \u00e0 la cr\u00e9ation visuelle. \u00c0 travers ces projets, j&rsquo;ai explor\u00e9 ma passion pour la vid\u00e9o, la photographie et le storytelling. Mon objectif : capturer l&rsquo;essence de chaque moment et transformer vos id\u00e9es en exp\u00e9riences visuelles marquantes. D\u00e9couvrez ici un aper\u00e7u de mon travail, o\u00f9 cr\u00e9ativit\u00e9 et impact &hellip; <\/p>\n<p class=\"link-more\"><a href=\"https:\/\/formaftec.com\/ribeirole\/mes-projets-shoot-production\/\" class=\"more-link\">Lire la suite de<span class=\"screen-reader-text\">\u00ab\u00a0Mes projets Shoot Production !\u00a0\u00bb<\/span><\/a><\/p>\n","protected":false},"author":45,"featured_media":0,"parent":0,"menu_order":0,"comment_status":"closed","ping_status":"closed","template":"","meta":{"_uag_custom_page_level_css":"","footnotes":""},"class_list":["post-194","page","type-page","status-publish","hentry"],"yoast_head":"<!-- This site is optimized with the Yoast SEO plugin v27.4 - https:\/\/yoast.com\/product\/yoast-seo-wordpress\/ -->\n<title>Mes projets Shoot Production ! - PORTFOLIO.<\/title>\n<meta name=\"robots\" content=\"index, follow, max-snippet:-1, max-image-preview:large, max-video-preview:-1\" \/>\n<link rel=\"canonical\" href=\"https:\/\/formaftec.com\/ribeirole\/mes-projets-shoot-production\/\" \/>\n<meta property=\"og:locale\" content=\"fr_FR\" \/>\n<meta property=\"og:type\" content=\"article\" \/>\n<meta property=\"og:title\" content=\"Mes projets Shoot Production ! - PORTFOLIO.\" \/>\n<meta property=\"og:description\" content=\"Bienvenue dans l&rsquo;univers de\u00a0Shoot Production, mon entreprise d\u00e9di\u00e9e \u00e0 la cr\u00e9ation visuelle. \u00c0 travers ces projets, j&rsquo;ai explor\u00e9 ma passion pour la vid\u00e9o, la photographie et le storytelling. Mon objectif : capturer l&rsquo;essence de chaque moment et transformer vos id\u00e9es en exp\u00e9riences visuelles marquantes. D\u00e9couvrez ici un aper\u00e7u de mon travail, o\u00f9 cr\u00e9ativit\u00e9 et impact &hellip; Lire la suite de\u00ab\u00a0Mes projets Shoot Production !\u00a0\u00bb\" \/>\n<meta property=\"og:url\" content=\"https:\/\/formaftec.com\/ribeirole\/mes-projets-shoot-production\/\" \/>\n<meta property=\"og:site_name\" content=\"PORTFOLIO.\" \/>\n<meta property=\"article:modified_time\" content=\"2025-01-14T21:21:02+00:00\" \/>\n<meta name=\"twitter:card\" content=\"summary_large_image\" \/>\n<meta name=\"twitter:label1\" content=\"Dur\u00e9e de lecture estim\u00e9e\" \/>\n\t<meta name=\"twitter:data1\" content=\"1 minute\" \/>\n<script type=\"application\/ld+json\" class=\"yoast-schema-graph\">{\"@context\":\"https:\\\/\\\/schema.org\",\"@graph\":[{\"@type\":\"WebPage\",\"@id\":\"https:\\\/\\\/formaftec.com\\\/ribeirole\\\/mes-projets-shoot-production\\\/\",\"url\":\"https:\\\/\\\/formaftec.com\\\/ribeirole\\\/mes-projets-shoot-production\\\/\",\"name\":\"Mes projets Shoot Production ! - PORTFOLIO.\",\"isPartOf\":{\"@id\":\"https:\\\/\\\/formaftec.com\\\/ribeirole\\\/#website\"},\"datePublished\":\"2024-12-25T18:00:57+00:00\",\"dateModified\":\"2025-01-14T21:21:02+00:00\",\"breadcrumb\":{\"@id\":\"https:\\\/\\\/formaftec.com\\\/ribeirole\\\/mes-projets-shoot-production\\\/#breadcrumb\"},\"inLanguage\":\"fr-FR\",\"potentialAction\":[{\"@type\":\"ReadAction\",\"target\":[\"https:\\\/\\\/formaftec.com\\\/ribeirole\\\/mes-projets-shoot-production\\\/\"]}]},{\"@type\":\"BreadcrumbList\",\"@id\":\"https:\\\/\\\/formaftec.com\\\/ribeirole\\\/mes-projets-shoot-production\\\/#breadcrumb\",\"itemListElement\":[{\"@type\":\"ListItem\",\"position\":1,\"name\":\"Accueil\",\"item\":\"https:\\\/\\\/formaftec.com\\\/ribeirole\\\/\"},{\"@type\":\"ListItem\",\"position\":2,\"name\":\"Mes projets Shoot Production !\"}]},{\"@type\":\"WebSite\",\"@id\":\"https:\\\/\\\/formaftec.com\\\/ribeirole\\\/#website\",\"url\":\"https:\\\/\\\/formaftec.com\\\/ribeirole\\\/\",\"name\":\"PORTFOLIO.\",\"description\":\"ENVIE D&#039;EN SAVOIR PLUS SUR MES PROJETS ? \",\"publisher\":{\"@id\":\"https:\\\/\\\/formaftec.com\\\/ribeirole\\\/#organization\"},\"potentialAction\":[{\"@type\":\"SearchAction\",\"target\":{\"@type\":\"EntryPoint\",\"urlTemplate\":\"https:\\\/\\\/formaftec.com\\\/ribeirole\\\/?s={search_term_string}\"},\"query-input\":{\"@type\":\"PropertyValueSpecification\",\"valueRequired\":true,\"valueName\":\"search_term_string\"}}],\"inLanguage\":\"fr-FR\"},{\"@type\":\"Organization\",\"@id\":\"https:\\\/\\\/formaftec.com\\\/ribeirole\\\/#organization\",\"name\":\"PORTFOLIO.\",\"url\":\"https:\\\/\\\/formaftec.com\\\/ribeirole\\\/\",\"logo\":{\"@type\":\"ImageObject\",\"inLanguage\":\"fr-FR\",\"@id\":\"https:\\\/\\\/formaftec.com\\\/ribeirole\\\/#\\\/schema\\\/logo\\\/image\\\/\",\"url\":\"https:\\\/\\\/formaftec.com\\\/ribeirole\\\/wp-content\\\/uploads\\\/sites\\\/44\\\/2024\\\/10\\\/cropped-2-1.png\",\"contentUrl\":\"https:\\\/\\\/formaftec.com\\\/ribeirole\\\/wp-content\\\/uploads\\\/sites\\\/44\\\/2024\\\/10\\\/cropped-2-1.png\",\"width\":1563,\"height\":950,\"caption\":\"PORTFOLIO.\"},\"image\":{\"@id\":\"https:\\\/\\\/formaftec.com\\\/ribeirole\\\/#\\\/schema\\\/logo\\\/image\\\/\"}}]}<\/script>\n<!-- \/ Yoast SEO plugin. -->","yoast_head_json":{"title":"Mes projets Shoot Production ! - PORTFOLIO.","robots":{"index":"index","follow":"follow","max-snippet":"max-snippet:-1","max-image-preview":"max-image-preview:large","max-video-preview":"max-video-preview:-1"},"canonical":"https:\/\/formaftec.com\/ribeirole\/mes-projets-shoot-production\/","og_locale":"fr_FR","og_type":"article","og_title":"Mes projets Shoot Production ! - PORTFOLIO.","og_description":"Bienvenue dans l&rsquo;univers de\u00a0Shoot Production, mon entreprise d\u00e9di\u00e9e \u00e0 la cr\u00e9ation visuelle. \u00c0 travers ces projets, j&rsquo;ai explor\u00e9 ma passion pour la vid\u00e9o, la photographie et le storytelling. Mon objectif : capturer l&rsquo;essence de chaque moment et transformer vos id\u00e9es en exp\u00e9riences visuelles marquantes. D\u00e9couvrez ici un aper\u00e7u de mon travail, o\u00f9 cr\u00e9ativit\u00e9 et impact &hellip; Lire la suite de\u00ab\u00a0Mes projets Shoot Production !\u00a0\u00bb","og_url":"https:\/\/formaftec.com\/ribeirole\/mes-projets-shoot-production\/","og_site_name":"PORTFOLIO.","article_modified_time":"2025-01-14T21:21:02+00:00","twitter_card":"summary_large_image","twitter_misc":{"Dur\u00e9e de lecture estim\u00e9e":"1 minute"},"schema":{"@context":"https:\/\/schema.org","@graph":[{"@type":"WebPage","@id":"https:\/\/formaftec.com\/ribeirole\/mes-projets-shoot-production\/","url":"https:\/\/formaftec.com\/ribeirole\/mes-projets-shoot-production\/","name":"Mes projets Shoot Production ! - PORTFOLIO.","isPartOf":{"@id":"https:\/\/formaftec.com\/ribeirole\/#website"},"datePublished":"2024-12-25T18:00:57+00:00","dateModified":"2025-01-14T21:21:02+00:00","breadcrumb":{"@id":"https:\/\/formaftec.com\/ribeirole\/mes-projets-shoot-production\/#breadcrumb"},"inLanguage":"fr-FR","potentialAction":[{"@type":"ReadAction","target":["https:\/\/formaftec.com\/ribeirole\/mes-projets-shoot-production\/"]}]},{"@type":"BreadcrumbList","@id":"https:\/\/formaftec.com\/ribeirole\/mes-projets-shoot-production\/#breadcrumb","itemListElement":[{"@type":"ListItem","position":1,"name":"Accueil","item":"https:\/\/formaftec.com\/ribeirole\/"},{"@type":"ListItem","position":2,"name":"Mes projets Shoot Production !"}]},{"@type":"WebSite","@id":"https:\/\/formaftec.com\/ribeirole\/#website","url":"https:\/\/formaftec.com\/ribeirole\/","name":"PORTFOLIO.","description":"ENVIE D&#039;EN SAVOIR PLUS SUR MES PROJETS ? ","publisher":{"@id":"https:\/\/formaftec.com\/ribeirole\/#organization"},"potentialAction":[{"@type":"SearchAction","target":{"@type":"EntryPoint","urlTemplate":"https:\/\/formaftec.com\/ribeirole\/?s={search_term_string}"},"query-input":{"@type":"PropertyValueSpecification","valueRequired":true,"valueName":"search_term_string"}}],"inLanguage":"fr-FR"},{"@type":"Organization","@id":"https:\/\/formaftec.com\/ribeirole\/#organization","name":"PORTFOLIO.","url":"https:\/\/formaftec.com\/ribeirole\/","logo":{"@type":"ImageObject","inLanguage":"fr-FR","@id":"https:\/\/formaftec.com\/ribeirole\/#\/schema\/logo\/image\/","url":"https:\/\/formaftec.com\/ribeirole\/wp-content\/uploads\/sites\/44\/2024\/10\/cropped-2-1.png","contentUrl":"https:\/\/formaftec.com\/ribeirole\/wp-content\/uploads\/sites\/44\/2024\/10\/cropped-2-1.png","width":1563,"height":950,"caption":"PORTFOLIO."},"image":{"@id":"https:\/\/formaftec.com\/ribeirole\/#\/schema\/logo\/image\/"}}]}},"uagb_featured_image_src":{"full":false,"thumbnail":false,"medium":false,"medium_large":false,"large":false,"1536x1536":false,"2048x2048":false,"inspiro-featured-image":false,"inspiro-loop":false,"inspiro-loop@2x":false,"tlp-portfolio-thumb":false},"uagb_author_info":{"display_name":"ribeirole","author_link":"https:\/\/formaftec.com\/ribeirole\/author\/ribeirole\/"},"uagb_comment_info":0,"uagb_excerpt":"Bienvenue dans l&rsquo;univers de\u00a0Shoot Production, mon entreprise d\u00e9di\u00e9e \u00e0 la cr\u00e9ation visuelle. \u00c0 travers ces projets, j&rsquo;ai explor\u00e9 ma passion pour la vid\u00e9o, la photographie et le storytelling. Mon objectif : capturer l&rsquo;essence de chaque moment et transformer vos id\u00e9es en exp\u00e9riences visuelles marquantes. D\u00e9couvrez ici un aper\u00e7u de mon travail, o\u00f9 cr\u00e9ativit\u00e9 et impact\u2026","_links":{"self":[{"href":"https:\/\/formaftec.com\/ribeirole\/wp-json\/wp\/v2\/pages\/194","targetHints":{"allow":["GET"]}}],"collection":[{"href":"https:\/\/formaftec.com\/ribeirole\/wp-json\/wp\/v2\/pages"}],"about":[{"href":"https:\/\/formaftec.com\/ribeirole\/wp-json\/wp\/v2\/types\/page"}],"author":[{"embeddable":true,"href":"https:\/\/formaftec.com\/ribeirole\/wp-json\/wp\/v2\/users\/45"}],"replies":[{"embeddable":true,"href":"https:\/\/formaftec.com\/ribeirole\/wp-json\/wp\/v2\/comments?post=194"}],"version-history":[{"count":16,"href":"https:\/\/formaftec.com\/ribeirole\/wp-json\/wp\/v2\/pages\/194\/revisions"}],"predecessor-version":[{"id":472,"href":"https:\/\/formaftec.com\/ribeirole\/wp-json\/wp\/v2\/pages\/194\/revisions\/472"}],"wp:attachment":[{"href":"https:\/\/formaftec.com\/ribeirole\/wp-json\/wp\/v2\/media?parent=194"}],"curies":[{"name":"wp","href":"https:\/\/api.w.org\/{rel}","templated":true}]}}